t is the remainder when 70 is divided by v?
16
Let m be (3/4)/(12/(-336)). Let y = 4 - m. Calculate the remainder when y is divided by 15 - (-1)/(2 + -3).
11
Let l = 295 - 287. Calculate the remainder when l is divided by 2.
0
Let u(w) be the second derivative of 6*w + 0 + 9/2*w**2 - 1/6*w**3. Calculate the remainder when 16 is divided by u(0).
7
Let t(z) = 17*z + 4. Let a be t(-2). Let o be 4/a - 184/(-30). Let h(v) = -v**2 + 12*v + 3. Calculate the remainder when h(o) is divided by 11.
6
Calculate the remainder when 320 is divided by 46 - (7 + -7 + 0).
44
Suppose 27*g - 1650 = -3*g. Calculate the remainder when g is divided by 15.
10
Let w = -240 + 262. Calculate the remainder when 102 is divided by w.
14
Suppose 17 = 3*x + 11. Calculate the remainder when ((-4 + 74)/x)/1 is divided by 15.
5
Suppose -15*i = -27*i + 2124. Calculate the remainder when i is divided by 105.
72
Let w = 117 - 73. What is the remainder when w is divided by 1*(0 + 33 + -10)?
21
Let l(g) = 3*g**2 - 11*g + 1. Let c be l(5). Suppose a - v - 33 = c, a = 3*v + 46. Calculate the remainder when a is divided by 30.
28
Let v(k) = -3*k - 28. Let j be v(-12). Suppose j*t - 90 = 3*t. What is the remainder when t is divided by 5?
3
Let a(x) = 2*x**3 - 2*x**2 - 1. Let q be 3/(-12)*4*-1. What is the remainder when 1/((4/104)/q) is divided by a(2)?
5
Let q = 1683 + -1478. What is the remainder when q is divided by 86?
33
Suppose 2*m = -3*m. Suppose m = -3*z + 105 + 240. What is the remainder when z is divided by (29/2)/(1/2)?
28
Let c(v) = -v - 2. Let k be c(-5). Suppose 0 = 3*n - 3, -k*i + 0*n - 11 = -2*n. What is the remainder when 81 - (2 - 6 - i) is divided by 21?
19
Suppose -33 = -4*p - 17. Let w(b) = -b**3 + 5*b**2 + 3*b - 9. Calculate the remainder when w(p) is divided by -10 - -10 - (1 + -8).
5
Suppose 4 - 1 = y. Suppose y*b + 100 = 7*b. What is the remainder when 49 is divided by b?
24
Suppose -130 = 2*p - 7*p. Let s = -53 + p. What is the remainder when 43 is divided by 50/(-15)*s/6?
13
Suppose w + 0*w - 12 = 0. Let b(r) = -r**2 + 6*r + 5. Let q be b(7). What is the remainder when w is divided by 4 - (-1 + q + 2)?
2
What is the remainder when (-108*3)/((56/20)/(-7)) is divided by 28?
26
Let j = 28 - 26. Suppose 0*y - 3*y = 15, 4*q = j*y + 66. Calculate the remainder when 38 is divided by q.
10
Let l = -1910 + 2012. Calculate the remainder when 479 is divided by l.
71
Suppose 10 - 34 = -2*u. Suppose -5*w - u = 8, -4*w - 16 = -4*k. Suppose k = -a, 5*b - a = -4*a + 200. What is the remainder when b is divided by 22?
18
Let f(r) = 2*r - 3. Let i be f(-7). Let y(b) = -2*b - 17. What is the remainder when 66 is divided by y(i)?
15
Suppose -3*m + 60 = 2*m. Let y = -1695 - -1802. Calculate the remainder when y is divided by m.
11
Calculate the remainder when 75 is divided by (-29)/(-58)*(0 - -92).
29
Let j(n) = 2*n**2 - 2*n + 2. Let c = 8 + -7. What is the remainder when j(c) is divided by 3/(-1)*4/(-12)?
0
Let g(m) = m**3 - 3*m**2 + 4*m - 2. Let l be (-20)/(-3) + (-2)/(-6). Suppose -l = 4*z - 11. Calculate the remainder when g(2) is divided by z.
0
Let z = -44 - -62. Let u = -17 - 23. What is the remainder when z is divided by u/14*(-28)/8?
8
Let y = -63 - -55. Let w = -4 - y. What is the remainder when 27 is divided by w?
3
Suppose 541 = -22*x + 1949. Calculate the remainder when 76 is divided by x.
12
Suppose 8 = f + f. Suppose -2*j + 33 = -b, 5*b + 70 = j + f*j. Let c = -634 - -686. Calculate the remainder when c is divided by j.
14
Let v(o) = o**3 - 7*o**2 - 5*o + 16. Let a be v(7). Let x(n) = n + 25. Calculate the remainder when 17 is divided by x(a).
5
Let z(f) = 13*f**3 - f + 1. Suppose -28*u + 21*u + 7 = 0. What is the remainder when z(u) is divided by 7?
6
Suppose 4*m - i = 20, -2*m - 25 = -7*m - i. Suppose 14 = -4*j + 3*d - 0*d, -2*j - 12 = -4*d. Let g = 6 + j. What is the remainder when m is divided by g?
1
Let p be 2/(-8) + 102/24. Let z = 7 - p. What is the remainder when 16 is divided by z?
1
Let j(b) = b**3 - 5*b**2 - 13*b - 5. Let f be j(7). Calculate the remainder when 61 is divided by (3/(-27)*-6)/(f/39).
9
Let k(u) = -10*u - 10. Let i be k(-3). Suppose 4*d + i = 0, -5*w = 2*d + 2*d - 350. What is the remainder when w is divided by 15?
14
Let b(v) = -9*v - 76. Let d(m) = -9*m - 77. Let a(o) = 7*b(o) - 6*d(o). Calculate the remainder when a(-11) is divided by 8.
5
Suppose -399*w + 420*w = 399. What is the remainder when (5/(-2))/((-3)/60) is divided by w?
12
Let k(n) = -n**3 + 8*n**2 + 4*n - 10. Let h be -7*(3 - (1 + 3)). Let l be h + -7 + (0 - -8). What is the remainder when 63 is divided by k(l)?
19
Suppose 3*y = -6*j + 45, -3*j - 12 = -3*y + 69. What is the remainder when 42 is divided by y?
19
Suppose 11 = -624*r + 625*r. Calculate the remainder when 64 is divided by r.
9
Suppose 0 = -3*k - 0*k + 87. Suppose -s = 5*d, s - 3*d + 13 = k. What is the remainder when 45 is divided by s/25 - 354/(-15)?
21
Suppose -37 = -3*k + 4*b + 113, -2*k + 100 = -4*b. What is the remainder when 85 is divided by k?
35
Calculate the remainder when 248 is divided by 191/9 + 2/(-9).
17
What is the remainder when ((-1 - 0) + 2)*(68 + -4) is divided by 5?
4
Let x(g) = -2*g**2 + 77*g + 32. What is the remainder when x(14) is divided by 20?
18
Suppose -18*d + 19*d = 20. Calculate the remainder when 46 is divided by d.
6
Suppose 6 = -3*y, 6*a + y + 32 = 8*a. What is the remainder when 29 is divided by a?
14
Suppose -1512*l - 880 = -1528*l. Let m(r) = 2*r**2 - 5*r + 2. Calculate the remainder when l is divided by m(4).
13
Let c = -10 - -10. Suppose -7*i - 3 + 24 = c. Suppose 13 = -i*k + 4*f + 35, 2*f = 3*k - 32. What is the remainder when 52 is divided by k?
10
Suppose 4 = 3*f - 11. Let o(s) = 2*s + 3. Suppose -2*q = -52 - 76. What is the remainder when q is divided by o(f)?
12
Let d be 114/4 + 2/(-4). Suppose -f + d = f. What is the remainder when ((-1422)/180 - -8)*530 is divided by f?
11
Suppose -4*g = -0*f + f - 1, -19 = -4*g + 5*f. Calculate the remainder when 34/(-102)*2*9*-1 is divided by g.
0
Suppose -3*v + 132 = 3*h, h = 5*v - 16 + 84. Let p(j) = 9*j**2 - 4*j - 3. Let g be p(4). Suppose 2*k - 7*k = -g. What is the remainder when h is divided by k?
23
Let w(l) = 3*l**2 - 3*l - 5. Let h(v) = -2*v**2 - 21*v - 12. Let s be h(-10). What is the remainder when 24 is divided by w(s)?
11
Let b(n) = -5*n + 4. Let c be b(2). Let f = c - -10. Calculate the remainder when 30 is divided by f.
2
Suppose -y - q + 107 = 2*y, 5*q = -2*y + 93. What is the remainder when 111 is divided by y?
9
Let g = 81 - 47. Suppose -35*d + 2552 = -4553. What is the remainder when d is divided by g?
33
Suppose y + 5*c = -13, -c - 25 = -5*y + 4*c. What is the remainder when 55 is divided by 43/y + (-3)/2?
15
Suppose 3*l = -2*l - 3*f + 85, 2*l + 3*f - 43 = 0. Let x = -6 + 6. Suppose 1 = -3*h + 4*t, x*t = -3*h - t + 19. Calculate the remainder when l is divided by h.
4
Let t = 11 - 73. Let z = t + 72. What is the remainder when z is divided by 7?
3
Let a(d) = -53*d**2 + 111*d**2 + 16*d - 57*d**2 + 17. What is the remainder when 23 is divided by a(-15)?
1
Let v = -66 - -26. Let w = v - -83. Calculate the remainder when 168 is divided by w.
39
Let n(i) = i**2 + 33*i - 5. Let u be n(-27). Let c = 173 + u. Let k(a) = 3*a + 3. What is the remainder when k(6) is divided by c?
3
Suppose 4*h + 4 = 8. Suppose 4*f - 40 = 4*j, 2 = -j - f - 0. Let p = j - -7. Calculate the remainder when p is divided by h.
0
Suppose -4*s - 50 = -9*s + 3*i, -16 = -2*s + 2*i. Let y be -4*(s/(-4) - -3). Suppose 4*c - y - 3 = 0. Calculate the remainder when 1 is divided by c.
0
Suppose 0*s - 6*s + 18 = 0. Let z be s/2*(-13 - -73). Calculate the remainder when (-4)/((-3)/z*3) is divided by 6.
4
Let n = -328 + 341. Suppose -2*s = 2*o - 102, -2*s - 3*s + o + 249 = 0. What is the remainder when s is divided by n?
11
Let u = -13 - 11. Let z = u - -31. What is the remainder when 12 is divided by z?
5
Let v(o) = 19*o + 543. Suppose 49 = 5*p + 5*q - 21, 2*p - 31 = -3*q. What is the remainder when v(-27) is divided by p?
8
Suppose -c - 3 = 4*w, -2*c + 5*w + 6 = 9*w. What is the remainder when 187 is divided by c?
7
Suppose 10*z - 173 = 107. Calculate the remainder when z is divided by 8.
4
Let w(n) = -n**2 + 9*n - 4. Suppose 533 = -2*f + 83. What is t